at is the remainder when 28786 is divided by 9595?
1
What is the remainder when 50959 is divided by 30?
19
What is the remainder when 53333 is divided by 9?
8
What is the remainder when 4281 is divided by 430?
411
Calculate the remainder when 1122 is divided by 769.
353
Calculate the remainder when 20142 is divided by 5035.
2
What is the remainder when 46320 is divided by 7707?
78
Calculate the remainder when 10489 is divided by 956.
929
Calculate the remainder when 9867 is divided by 113.
36
What is the remainder when 28517 is divided by 10?
7
What is the remainder when 25975 is divided by 267?
76
Calculate the remainder when 672 is divided by 315.
42
What is the remainder when 35760 is divided by 761?
754
What is the remainder when 1160248 is divided by 39?
37
Calculate the remainder when 12483 is divided by 297.
9
What is the remainder when 2616 is divided by 202?
192
What is the remainder when 4838 is divided by 161?
8
What is the remainder when 119 is divided by 37?
8
Calculate the remainder when 354294 is divided by 7.
3
What is the remainder when 85541 is divided by 324?
5
Calculate the remainder when 1974 is divided by 836.
302
What is the remainder when 685 is divided by 128?
45
What is the remainder when 106519 is divided by 4?
3
Calculate the remainder when 28597 is divided by 7111.
153
What is the remainder when 21845 is divided by 25?
20
Calculate the remainder when 8069 is divided by 158.
11
What is the remainder when 12543 is divided by 113?
0
Calculate the remainder when 34809 is divided by 68.
61
What is the remainder when 14176 is divided by 14168?
8
Calculate the remainder when 1276 is divided by 365.
181
What is the remainder when 10657 is divided by 10649?
8
What is the remainder when 1597 is divided by 210?
127
Calculate the remainder when 57110 is divided by 57102.
8
What is the remainder when 1584 is divided by 5?
4
Calculate the remainder when 72331 is divided by 14.
7
What is the remainder when 586127 is divided by 252?
227
What is the remainder when 12319 is divided by 620?
539
Calculate the remainder when 6506 is divided by 934.
902
Calculate the remainder when 8850 is divided by 803.
17
Calculate the remainder when 27481 is divided by 4579.
7
Calculate the remainder when 487677 is divided by 192.
189
Calculate the remainder when 41338 is divided by 1968.
10
What is the remainder when 314615 is divided by 920?
895
Calculate the remainder when 5574173 is divided by 1858054.
11
What is the remainder when 286206 is divided by 539?
536
What is the remainder when 1530 is divided by 205?
95
Calculate the remainder when 2430558 is divided by 88.
86
What is the remainder when 12042 is divided by 4010?
12
What is the remainder when 67554 is divided by 33746?
62
Calculate the remainder when 118501 is divided by 171.
169
What is the remainder when 59106 is divided by 49?
12
What is the remainder when 10037 is divided by 2005?
12
What is the remainder when 194891 is divided by 208?
203
Calculate the remainder when 8572 is divided by 87.
46
Calculate the remainder when 12371 is divided by 149.
4
What is the remainder when 21627 is divided by 14?
11
Calculate the remainder when 66644 is divided by 138.
128
What is the remainder when 15155 is divided by 4980?
215
What is the remainder when 33401 is divided by 38?
37
Calculate the remainder when 1120 is divided by 133.
56
Calculate the remainder when 2651 is divided by 221.
220
Calculate the remainder when 9491 is divided by 685.
586
What is the remainder when 10783 is divided by 5380?
23
Calculate the remainder when 426 is divided by 79.
31
What is the remainder when 223652 is divided by 1026?
1010
What is the remainder when 125645 is divided by 26?
13
Calculate the remainder when 36555 is divided by 18.
15
What is the remainder when 1558 is divided by 542?
474
What is the remainder when 88072 is divided by 42?
40
Calculate the remainder when 73121 is divided by 191.
159
What is the remainder when 1435 is divided by 390?
265
Calculate the remainder when 482 is divided by 99.
86
Calculate the remainder when 89856 is divided by 400.
256
Calculate the remainder when 11485 is divided by 17.
10
Calculate the remainder when 68485 is divided by 3421.
65
Calculate the remainder when 4032292 is divided by 19.
17
Calculate the remainder when 708379 is divided by 93.
91
What is the remainder when 25544 is divided by 1064?
8
What is the remainder when 11261 is divided by 291?
203
What is the remainder when 2687 is divided by 16?
15
Calculate the remainder when 21092 is divided by 5269.
16
What is the remainder when 8291 is divided by 1380?
11
What is the remainder when 1011 is divided by 22?
21
What is the remainder when 13260 is divided by 195?
0
What is the remainder when 23353 is divided by 7783?
4
What is the remainder when 1196178 is divided by 28?
18
Calculate the remainder when 110115 is divided by 110108.
7
Calculate the remainder when 28144 is divided by 26.
12
Calculate the remainder when 93434 is divided by 46712.
10
What is the remainder when 2139 is divided by 169?
111
What is the remainder when 191008 is divided by 23?
16
What is the remainder when 1808 is divided by 876?
56
What is the remainder when 1813 is divided by 601?
10
Calculate the remainder when 236229 is divided by 32.
5
Calculate the remainder when 48534 is divided by 148.
138
Calculate the remainder when 22620 is divided by 98.
80
Calculate the remainder when 2976 is divided by 34.
18
What is the remainder when 13549 is divided by 1692?
13
What is the remainder when 161927 is divided by 39?
38
What is the remainder when 7397 is divided by 3653?
91
What is the remainder when 294068 is divided by 580?
8
What is the remainder when 1745 is divided by 329?
100
What is the remainder when 5795 is divided by 187?
185
Calculate the remainder when 3408 is divided by 176.
64
What is the remainder when 229912 is divided by 10450?
12
Calculate the remainder when 962163 is divided by 102.
99
What is the remainder when 1268 is divided by 376?
140
Calculate the remainder when 46214 is divided by 23015.
184
What is the remainder when 10002 is divided by 1094?
156
What is the remainder when 11352 is divided by 73?
37
What is the remainder when 190083 is divided by 292?
283
Calculate the remainder when 2639 is divided by 265.
254
What is the remainder when 41082 is divided by 52?
2
What is the remainder when 6331 is divided by 703?
4
What is the remainder when 38187 is divided by 279?
243
Calculate the remainder when 4475 is divided by 160.
155
Calculate the remainder when 5777 is divided by 524.
13
What is the remainder when 698695 is divided by 27?
16
What is the remainder when 15741 is divided by 3039?
546
What is the remainder when 6644 is divided by 118?
36
What is the remainder when 42078 is divided by 495?
3
Calculate the remainder when 2810 is divided by 933.
11
What is the remainder when 34457 is divided by 51?
32
Calculate the remainder when 86017 is divided by 12288.
1
What is the remainder when 552123 is divided by 6?
3
What is the remainder when 3952 is divided by 114?
76
Calculate the remainder when 25804 is divided by 14.
2
What is the remainder when 38556 is divided by 33?
12
Calculate the remainder when 34430 is divided by 453.
2
What is the remainder when 79740 is divided by 448?
444
What is the remainder when 30442 is divided by 7?
6
Calculate the remainder when 1887 is divided by 108.
51
Calculate the remainder when 420937 is divided by 13.
10
What is the remainder when 913 is divided by 59?
28
Calculate the remainder when 402 is divided by 275.
127
What is the remainder when 1607 is divided by 622?
363
Calculate the remainder when 41160 is divided by 2902.
532
What is the remainder when 2262 is divided by 73?
72
Calculate the remainder when 24795 is divided by 8258.
21
Calculate the remainder when 788 is divided by 759.
29
Calculate the remainder when 1817 is divided by 448.
25
Calculate the remainder when 21494 is divided by 164.
10
Calculate the remainder when 74420 is divided by 334.
272
Calculate the remainder when 71855 is divided by 31.
28
Calculate the remainder when 14741 is divided by 234.
233
Calculate the remainder when 21270 is divided by 104.
54
Calculate the remainder when 191862 is divided by 